07149639 composite?
False
Is 27921741533 prime?
False
Is 60998018303 a prime number?
False
Is 3012742799 a composite number?
True
Is 98458337857 prime?
False
Is 2735811967 prime?
False
Is 3722933797 a composite number?
True
Is 76256789779 composite?
False
Is 12026211971 a prime number?
True
Is 1212492682 composite?
True
Is 3524079805 a prime number?
False
Is 1845323783 prime?
True
Is 86968617647 prime?
True
Is 166187856859 prime?
True
Is 418074443 prime?
True
Is 15337381957 a composite number?
False
Is 3717334763 composite?
True
Is 8434399681 a prime number?
True
Is 559151353 a composite number?
False
Is 317359487377 a composite number?
True
Is 659107471 a composite number?
True
Is 548277083 a prime number?
True
Is 391225121263 composite?
True
Is 1670377561 prime?
False
Is 5649620887 composite?
True
Is 44620055551 a prime number?
False
Is 2569250477 a prime number?
False
Is 830305199 prime?
False
Is 3763893839 prime?
False
Is 421995857 a composite number?
False
Is 6455590054 composite?
True
Is 439906081 composite?
False
Is 4630505119 a prime number?
False
Is 75699513881 composite?
False
Is 8812511231 prime?
False
Is 83000607433 a composite number?
False
Is 6418588669 composite?
False
Is 232154213 a prime number?
True
Is 29465037149 prime?
True
Is 6650313841 composite?
False
Is 63737719 a composite number?
True
Is 677231437 prime?
False
Is 8391374227 a prime number?
True
Is 474607121 composite?
False
Is 84320009023 a composite number?
False
Is 466970162 prime?
False
Is 32041705259 composite?
True
Is 4352918951 a composite number?
False
Is 1337270819 composite?
False
Is 126186649 a prime number?
True
Is 4332373609 composite?
True
Is 19830862481 a composite number?
True
Is 5877722833 composite?
True
Is 4978424939 a prime number?
True
Is 11999987009 prime?
True
Is 967544399 prime?
True
Is 125774159323 prime?
True
Is 5246412161 prime?
True
Is 42987085 a prime number?
False
Is 27254296747 prime?
False
Is 8806077263 a prime number?
False
Is 48300966241 a prime number?
False
Is 25197787 composite?
True
Is 20712341599 prime?
True
Is 300577341 a composite number?
True
Is 58245895519 a prime number?
False
Is 7562917961 composite?
False
Is 5697343217 a prime number?
False
Is 53910133 composite?
True
Is 782121811 prime?
True
Is 134146848257 prime?
False
Is 375247469 a prime number?
False
Is 250595071 a prime number?
False
Is 3275907023 composite?
True
Is 237814859 a composite number?
False
Is 669599219 composite?
False
Is 99764710685 composite?
True
Is 5868163643 a composite number?
False
Is 30638599513 a prime number?
True
Is 1651836427 prime?
False
Is 584752489 prime?
False
Is 801009577 a composite number?
False
Is 4235619803 a prime number?
True
Is 936096311 a prime number?
True
Is 4692990227 prime?
False
Is 30106277419 a prime number?
True
Is 205671469 composite?
False
Is 3540419459 composite?
False
Is 2927264633 a prime number?
False
Is 6151214903 a prime number?
False
Is 2198248813 composite?
False
Is 545727431 a composite number?
False
Is 5516686789 a composite number?
False
Is 459715913 composite?
False
Is 440048671 prime?
True
Is 19255203829 a composite number?
False
Is 1792003295 a prime number?
False
Is 97387949 prime?
False
Is 8690279933 composite?
False
Is 842018701 a composite number?
False
Is 370834879 composite?
True
Is 7325582237 a prime number?
True
Is 27127260866 a composite number?
True
Is 6900639467 a prime number?
True
Is 5953152229 a composite number?
True
Is 9864691 prime?
False
Is 1113120383 composite?
False
Is 2788486319 a prime number?
False
Is 5045084873 composite?
True
Is 1113788927 composite?
False
Is 53435519 a prime number?
False
Is 942762833 composite?
True
Is 168831851 a prime number?
False
Is 1412916799 a prime number?
False
Is 5679941 a prime number?
True
Is 2165459149 composite?
True
Is 249086141 a prime number?
False
Is 1258955239 prime?
False
Is 113836153 prime?
False
Is 135612349555 a composite number?
True
Is 64813634837 composite?
True
Is 10064345477 a composite number?
False
Is 4175927417 prime?
True
Is 68731568617 composite?
True
Is 11735788111 composite?
True
Is 14644591471 a prime number?
False
Is 1853322571 a prime number?
True
Is 379513891 a prime number?
True
Is 894586027 composite?
True
Is 325369223 a composite number?
False
Is 716861723 prime?
False
Is 2076290123 prime?
False
Is 5250169879 a prime number?
True
Is 12665365147 composite?
False
Is 5007016841 prime?
True
Is 16456298689 a composite number?
False
Is 31930571183 a prime number?
False
Is 217183497681 prime?
False
Is 2648702417 a composite number?
True
Is 1174361217 a composite number?
True
Is 842001961 a composite number?
True
Is 2711396203 a composite number?
False
Is 14269029701 composite?
False
Is 5347613281 a prime number?
False
Is 8520493477 prime?
True
Is 10578300211 a composite number?
False
Is 29709319273 a composite number?
False
Is 1200535541 a prime number?
True
Is 1771747459 composite?
False
Is 573706249 a composite number?
False
Is 28871391566 prime?
False
Is 65111028863 a composite number?
True
Is 170644219 a composite number?
True
Is 18166420385 a prime number?
False
Is 634085203 prime?
False
Is 671456893 composite?
False
Is 10062627469 prime?
True
Is 24829468519 a composite number?
False
Is 22808132695 prime?
False
Is 530637857 a composite number?
True
Is 95163420493 composite?
False
Is 94159907981 composite?
False
Is 2970703991 composite?
True
Is 73740097867 a composite number?
True
Is 17841759961 composite?
True
Is 250775797 a composite number?
False
Is 10134187183 composite?
True
Is 6693409253 composite?
True
Is 320904491 a prime number?
True
Is 1487352413 a prime number?
False
Is 6841373941 composite?
True
Is 8018490097 composite?
False
Is 69032353 a prime number?
False
Is 1159907239 a prime number?
True
Is 1632773833 composite?
False
Is 1277595217 a prime number?
True
Is 283954091 a composite number?
True
Is 8017918383 a prime number?
False
Is 274765834153 composite?
False
Is 5853218171 a prime number?
True
Is 580901245 a composite number?
True
Is 2645541149 prime?
True
Is 242389817 a prime number?
False
Is 446796991 composite?
False
Is 7950976219 prime?
False
Is 4412132507 a prime number?
True
Is 20174423249 composite?
True
Is 22837967687 a prime number?
True
Is 321423547 a prime number?
True
Is 21343986511 composite?
True
Is 20366811163 a composite number?
False
Is 12481712057 composite?
False
Is 667288513 a composite number?
False
Is 62766845387 composite?
False
Is 689850979 composite?
False
Is 120713882689 composite?
False
Is 26069360059 a prime number?
True
Is 2385150233 a composite number?
True
Is 23971143167 composite?
False
Is 24215823155 a prime number?
False
Is 1012740697 prime?
False
Is 273117808901 composite?
True
Is 342567479 a composite number?
False
Is 1336277647 composite?
False
Is 17532401489 a prime number?
True
Is 1661406361 composite?
True
Is 3504545887 prime?
False
Is 41235016727 a prime number?
False
Is 11057238637 a prime number?
False
Is 13139624111 a composite number?
False
Is 33298046879 prime?
False
Is 6216783037 composite?
False
Is 11631459929 composite?
True
Is 495023603 composite?
False
Is 38273250523 composite?
False
Is 905924849 a prime number?
False
Is 49665868079 a composite number?
False
Is 731538497 a composite number?
True
Is 35282540611 a composite number?
True
Is 802290103 composite?
True
Is 1468386182 a prime number?
False
Is 106823929 a composite number?
True
Is 1992162599 composite?
True
Is 79501388333 a prime number?
True
Is 6123979363 a composite number?
False
Is 34441571365 composite?
True
Is 156574819 composite?
False
Is 43976351603 a prime number?
False
Is 1453366399 a prime number?
False
Is 11530444631 a composite number?
True
Is 38874533 a prime number?
True
Is 29674535677 a composite number?
False
Is 531616271 prime?
True
Is 28597265267 a composite number?
False
Is 126379859 composite?
True
Is 4047570671 composite?
False
Is 1486347251 a prime number?
True
Is 737933849 prime?
True
Is 1730787553 composite?
True
Is 3439696591 a composite number?
False
Is 7842260389 a composite number?
True
Is 969263 a composite number?
True
Is 84427306087 prime?
False
Is 21878123959 a composite number?
True
Is 54505608347 a composite number?
False
Is 5254612151 a prime number?
False
Is 197142